 b = 3*u - 1, -u + 4 = b - 15. Calculate the highest common divisor of b and q.
14
Let q = 104 - 86. What is the highest common divisor of q and 30?
6
Let f be (-13*7 - -2)/(-1). Let m(b) = -77*b**2 + 2*b - 1. Let j be m(1). Let o = f - j. Calculate the greatest common divisor of 15 and o.
15
Let w be (-2)/(-3) + (-28)/(-21). Suppose k - w*k = -4. Calculate the highest common divisor of k and 1.
1
Let m(d) = 5*d - 13. Let x(w) = -2*w - 9. Let c be x(-10). Let a be m(c). Calculate the greatest common factor of a and 6.
6
Let u be (-1)/(2/1)*-10. Suppose -u = 5*n, 4*f - 39 = -n - 4*n. Calculate the greatest common divisor of 11 and f.
11
Let o(x) = x**3 - 3*x**2 - 4*x - 8. Let f be o(5). Calculate the greatest common divisor of 11 and f.
11
Suppose 32 + 46 = w. What is the greatest common divisor of 6 and w?
6
Suppose 200 = -w - 3*w. Let k be (w/(-2))/(4 - 3). Suppose 0 = -y + 2*v - 6, v - k = -5*y. What is the highest common divisor of 1 and y?
1
Let o = -79 - -131. What is the greatest common divisor of o and 39?
13
Let q = 220 - 165. What is the greatest common factor of 44 and q?
11
Suppose -4*j = -5*g + 97, 4*g - 58 = -2*j + 4. Suppose -2 + g = h. What is the highest common divisor of 6 and h?
3
Let s = 34 - -22. Let j(f) = -f**2 + 6*f - 7. Let r be j(5). Let n be r - -11 - (-2 + 4). Calculate the highest common factor of n and s.
7
Suppose -6*t + 2*t + 45 = -3*h, 10 = t - h. Let q be 4 + t - (-6)/(-2). Suppose 0 = l, -3*g - 15 = -l - 399. What is the highest common factor of q and g?
16
Suppose 5*l = -5*h + 705, -2*h + 4*l + 45 + 219 = 0. Calculate the highest common factor of h and 46.
46
Let c(a) = -a**3 + 6*a**2 - 5*a + 3. Suppose -3 = -3*b + 4*f, -3*f - 4 = -13. Let q be c(b). What is the highest common factor of q and 24?
3
Suppose -3*p - 43 = -523. Calculate the greatest common divisor of p and 64.
32
Suppose -z = 4*w + 2, -z + 1 = 3*w - 2*w. Let p(r) = 2 + r**z - 8*r + 0*r**2 + 8 + 0*r. Let d be p(8). What is the highest common factor of d and 50?
10
Let f be (-384)/28 + 4/(-14). Let t(h) = -3*h - 15. Let l be t(f). What is the highest common divisor of l and 9?
9
Let p = -502 - -259. Let b be (p/(-2))/(9/12). Let n = b + -81. Calculate the highest common factor of n and 9.
9
Suppose 0 = -4*c + 5*a + 305, -2*c + c - 2*a = -60. What is the highest common factor of c and 14?
14
Let c(f) = 4*f**2 - 2*f - 1. Let z be c(-1). Let r be z + 1*(-1 - 0). Suppose -100 = -r*g - g. Calculate the highest common divisor of g and 2.
2
Suppose -3*q + 15 = -0*q. Suppose 377 = 5*f - 48. Suppose 3*a = 7*a + 3*n - f, 150 = 5*a - 5*n. Calculate the highest common divisor of a and q.
5
Let u(d) = 4*d + 4. Let b be ((-1)/3)/(8/(-192)). Let f be u(b). Calculate the greatest common factor of 24 and f.
12
Let v be ((-1 - -1)/3)/2. Suppose -8 = -4*u - v. Let o(t) = -2*t - 2. Let g be o(-4). Calculate the greatest common divisor of g and u.
2
Let z(p) = p**2 + 5*p + 1. Let x be z(-6). Calculate the highest common divisor of 35 and x.
7
Suppose -2*r + 4*p + 37 = -15, 2*r = -5*p + 61. Calculate the greatest common factor of 4 and r.
4
Let v(r) = r**3 + 6*r**2 + 4*r - 3. Let k be v(-5). Let y = k - -3. Suppose -y*b + 6*g + 235 = g, 3*g = 9. Calculate the greatest common divisor of b and 10.
10
Suppose -5*o + 12 = -68. Calculate the greatest common divisor of o and 24.
8
Suppose 2*b + 2 = 0, -4*b + 868 = 3*q - 2*b. What is the highest common divisor of q and 29?
29
Let o = 8 - 6. Suppose -o*n - n = -216. Suppose 3*k + 0*a - 27 = -3*a, -3*k - 5*a = -29. What is the highest common divisor of n and k?
8
Suppose -3*l - 405 = -3*s - 0*l, 0 = -l + 5. What is the highest common divisor of 28 and s?
28
Suppose 4*p - 36 - 24 = 0. Let k be -5 + ((-1)/(-5) - 378/(-35)). Calculate the highest common divisor of p and k.
3
Suppose -3*u + 513 = 3*h, -4*u + 0*u - 3*h = -685. Suppose u = 4*w - 220. Calculate the highest common factor of 14 and w.
14
Let d be (6/(-8))/(18/(-24)). Let c = 6 - 1. Calculate the greatest common factor of d and c.
1
Suppose 0*k + 4*k - 88 = -2*h, -5*h + 100 = 5*k. Let z be -1 + (4 + -3)*61. What is the highest common factor of k and z?
12
Suppose 2*v - 4*v + 60 = 0. Let f = 15 + 5. Let d = 40 - f. Calculate the greatest common factor of d and v.
10
Suppose 5*o - 84 = -u, -2*o - 2*o - 2*u = -72. Calculate the greatest common divisor of o and 2.
2
Let y(t) = t**3 + 10*t**2 - t + 6. Let h be y(-10). Let v = 20 + h. Calculate the highest common divisor of 4 and v.
4
Let t(k) = 139*k + 1. Let i be t(-1). Let w be -2 + -2 + i/(-2). Calculate the highest common divisor of 13 and w.
13
Suppose 0 = -9*f + 155 - 20. What is the greatest common factor of 20 and f?
5
Let a(k) = k**2 + 53*k - 45. Let w be a(-54). Let f be 2/3*(2 - -4). Suppose -3 = -f*b + b, 11 = 3*r + 2*b. What is the highest common divisor of r and w?
3
Let a be (-2)/10 + 497/35. Calculate the highest common divisor of 35 and a.
7
Suppose -y - y = -84. Suppose -8*v = -5*v - y. Calculate the greatest common divisor of 7 and v.
7
Let z(p) = -2*p**3 + 35*p**2 + 17*p + 24. Let h be z(18). Suppose -d = -5 - 1. Calculate the greatest common factor of d and h.
6
Suppose 3*k = -0*k + 6. Suppose -3*d - 13 = 5*j, k*d + 4 - 37 = 5*j. Let r = 8 - d. Calculate the highest common factor of r and 20.
4
Let h(x) = -x**3 - 8*x**2 - 7*x + 4. Let g be h(-7). Suppose 0 = g*y - 4*p - 228, -2*y + 55 = -3*p - 62. What is the highest common factor of 6 and y?
6
Let h = -8 + 20. Calculate the highest common factor of 36 and h.
12
Let y be -2 + 12 + 2*1. Let o(w) = -4*w. Let a be o(-1). Suppose x = -a*x + 30. What is the highest common divisor of x and y?
6
Let u = -31 - -37. Calculate the greatest common divisor of 6 and u.
6
Let d be 8/(-28) - (-51)/7. Let w be 86/d - (-2)/(-7). Calculate the highest common factor of w and 120.
12
Let d = -44 - -99. Calculate the highest common divisor of d and 11.
11
Let h be (-1 + 10)/(18/12). Let c be (-1)/(-9) - (-538)/18. What is the highest common factor of c and h?
6
Let h(g) = -4*g - 8. Let w(i) = -5*i - 8. Let l(f) = 6*h(f) - 5*w(f). Let z be l(11). Calculate the greatest common divisor of 9 and z.
3
Let y(a) = a - 3. Let d be y(5). Suppose 0 = -0*p + d*p - 798. Let g be p/9 - 2/(-3). What is the greatest common factor of 5 and g?
5
Suppose -u = 5*q - 35, q = -4*u + 49 - 4. Let o be 1*u*(-6)/(-5). Let t = o + -5. Calculate the greatest common divisor of t and 35.
7
Let j(w) = -w**3 - 6*w**2 - 18*w + 3. Let i be j(-8). Calculate the highest common factor of i and 25.
25
Suppose 4*h + 9 = h. Let l(b) = b**2 - 5*b - 3. Let u be l(h). What is the greatest common factor of 84 and u?
21
Let l = 7 - 0. Suppose 0 = -a - 5*k + 7, 3*a + 4*k + 12 = 33. Let q(j) = 3*j - 7. Let u be q(a). Calculate the highest common divisor of l and u.
7
Let h(s) = 5 - 3 + s + 6*s + 0*s. Let m be h(2). What is the highest common factor of 40 and m?
8
Let i be (1 - 0/5) + 3. What is the highest common factor of 10 and i?
2
Suppose 7*v = 93 + 47. Let y(r) = 2*r - 9. Let w be y(7). Calculate the greatest common divisor of v and w.
5
Suppose x = -5*a - 4*x + 75, -4*a + 45 = -x. Let z be (-24)/((-32)/14 - -2). Let g be z + 0*(-1)/(-2). Calculate the greatest common divisor of a and g.
12
Suppose 0 = -2*m - 2*l + 44, -74 = -4*m + l + 2*l. Calculate the highest common divisor of m and 50.
10
Let i = 71 - 47. What is the greatest common factor of 168 and i?
24
Suppose k + 312 = 4*k. Let s be (-39)/9*(-21 + 18). Calculate the greatest common divisor of s and k.
13
Let p be (-9)/((-27)/(-6)) - -10. Suppose 0 = 5*o + 49 + 236. Let s = -17 - o. What is the highest common divisor of s and p?
8
Let g be 2/(-8) + 33/4. Calculate the greatest common factor of g and 64.
8
Let s(k) = -16*k - 4. Let d(b) = -b**3 + 5*b**2 - 5*b. Let p be d(4). Let g be s(p). Suppose -5*a + g = -3*a. What is the greatest common divisor of 75 and a?
15
Suppose -2*q + 9 = -23. Suppose 0*j + 25 = 5*j + t, -j = -2*t - q. What is the highest common divisor of 9 and j?
3
Let w = 38 - -3. What is the highest common divisor of 41 and w?
41
Suppose 5 = -k + 2. Let m be (k - -1) + 12 - 2. Calculate the greatest common factor of m and 16.
8
Let s(m) = -2*m + 1. Let o be s(-1). Suppose 5*r = 25, 2*a - o*a + 19 = -r. Suppose 3*f + a = 7*f. Calculate the